ermine i(68).
2
Let l(f) = 1465*f + 542034. What is l(-370)?
-16
Let n(i) = -i**3 - 329*i**2 - 3810*i - 1939. What is n(-317)?
-37
Let g(r) = 45*r**2 - 5874*r + 31088. Calculate g(125).
-37
Let h(l) = -23*l + 815. What is h(64)?
-657
Let w(i) = -4*i**3 - 23*i**2 + 843*i + 5021. Calculate w(-6).
-1
Let u(s) = 364*s + 801. Give u(-3).
-291
Let u(o) = -51*o + 4859. Determine u(73).
1136
Let d(h) = -65*h**3 - 63*h**2 - 127*h + 4. Give d(-2).
526
Let r(b) = -5331*b + 85288. Calculate r(16).
-8
Let x(a) = 1802*a**2 - 1859*a + 62. Give x(1).
5
Let z(y) = -322*y**2 + 14809*y + 130. Calculate z(46).
-8
Let y(r) = -22913*r + 526738. What is y(23)?
-261
Let m(c) = -67*c - 988. Determine m(-11).
-251
Let h(s) = -19*s**2 + 220*s - 750. Calculate h(6).
-114
Let o(i) = i**2 - 101*i + 2695. Determine o(32).
487
Let b(t) = -t**2 + 232*t - 11167. Determine b(73).
440
Let a(p) = 24*p**2 + 1398*p - 4030. Determine a(-61).
-4
Let a(h) = -50*h**2 - 1156*h + 2320. Calculate a(2).
-192
Let l(j) = 2*j**2 + 889*j - 130130. Give l(116).
-94
Let u(b) = 371*b - 2262. Give u(7).
335
Let k(m) = -34280*m + 1371191. Calculate k(40).
-9
Let h(q) = -474*q - 18236. Calculate h(-38).
-224
Let q(v) = -17*v**2 + 4034*v - 39696. Calculate q(227).
29
Let x(h) = -3205*h + 44293. What is x(14)?
-577
Let v(n) = n**3 - 6*n**2 - 866*n - 4062. Give v(-5).
-7
Let d(o) = -1107*o - 517035. Calculate d(-467).
-66
Let s(l) = 101*l**2 - 603*l - 24. Calculate s(6).
-6
Let p(k) = -7*k**3 + 384*k**2 + 41*k + 753. Calculate p(55).
-17
Let o(w) = 2812*w + 28149. Determine o(-10).
29
Let n(u) = u**3 - 241*u**2 + 10779*u - 30195. What is n(55)?
0
Let c(y) = 914*y**2 - 2670*y - 16. Calculate c(3).
200
Let q(v) = v**2 + 270*v - 27423. Determine q(79).
148
Let l(t) = 3*t**3 + 165*t**2 - 728*t - 1207. Calculate l(-59).
-27
Let a(q) = q**3 + 3*q**2 - 759*q - 4433. What is a(-6)?
13
Let b(s) = s**3 - 5*s**2 - 19036*s + 133159. Give b(7).
5
Let g(t) = 402*t**2 - 18481*t - 378. Determine g(46).
128
Let t(i) = -398*i - 17933. Determine t(-45).
-23
Let y(w) = 3*w**3 - 1421*w**2 - 2466*w + 944217. Calculate y(474).
9
Let v(m) = 175*m**2 - 6734*m + 3189. Determine v(38).
-3
Let z(k) = -k**3 - 142*k**2 - 790*k + 3475. What is z(-136)?
-61
Let y(w) = 24*w**2 - 5070*w + 6275. Calculate y(210).
-25
Let g(c) = 4*c**3 - 189*c**2 - 132*c - 545. What is g(48)?
31
Let x(n) = n**3 + 171*n**2 + 1915*n - 150. Give x(-159).
-1263
Let w(x) = x**3 - x**2 - 32*x - 66. Give w(-10).
-846
Let i(a) = 3*a**2 - 1115*a + 5679. Calculate i(366).
-543
Let t(s) = -4*s**2 - 74*s + 1268. Calculate t(-29).
50
Let w(l) = 5*l**2 - 136*l + 2233. Calculate w(20).
1513
Let k(d) = d**2 - 1441*d + 454740. Give k(467).
-118
Let f(m) = -2*m**2 - 1185*m - 111735. Calculate f(-475).
-110
Let d(x) = 21*x**2 - 149*x + 62. Determine d(10).
672
Let a(s) = 43*s + 13819. Give a(-218).
4445
Let w(u) = 3*u**3 - 100*u**2 - 6*u - 27. What is w(0)?
-27
Let b(l) = 3439*l + 612145. What is b(-178)?
3
Let l(a) = -135*a**3 - 2167*a**2 - 109*a + 232. What is l(-16)?
184
Let t(r) = -76*r**2 + 89*r - 152. Calculate t(2).
-278
Let k(r) = -41187*r - 1894602. Calculate k(-46).
0
Let d(h) = -7*h**3 - 74*h**2 + 32*h - 12. Give d(-11).
-1
Let j(m) = -m**3 - 16*m**2 - 59*m - 239. Give j(-13).
21
Let c(w) = -11267*w - 540817. Determine c(-48).
-1
Let x(w) = -w**2 + 44*w + 8287. Determine x(-67).
850
Let z(i) = -1236*i - 17919. Give z(-14).
-615
Let n(i) = i**3 - 3*i**2 - 1665*i - 11161. Determine n(-7).
4
Let d(x) = x**2 + 17026*x - 238617. Determine d(14).
-57
Let t(g) = 15*g**3 - 141*g**2 + 246*g - 94. Calculate t(7).
-136
Let t(r) = -2*r**2 + 5679*r - 452223. Calculate t(82).
7
Let h(x) = -22*x**2 + 318*x - 2328. Determine h(7).
-1180
Let j(r) = -4551*r - 7131. What is j(-2)?
1971
Let x(v) = 18140*v + 199538. What is x(-11)?
-2
Let v(k) = -3*k**2 + 602*k + 14394. Determine v(221).
913
Let k(h) = 2*h**3 - 41*h**2 - 681*h - 1731. Determine k(-3).
-111
Let m(u) = -3*u**3 - 435*u**2 - 442*u - 1455. Calculate m(-144).
-15
Let v(o) = -o**2 + 2149*o - 65603. Determine v(31).
55
Let b(k) = k**2 + 1193*k - 14515. What is b(12)?
-55
Let j(y) = -3524*y - 72212. What is j(-21)?
1792
Let k(p) = p**3 + 11*p**2 - 60*p + 23. Determine k(4).
23
Let k(u) = -u**2 - u + 191202. Calculate k(-438).
-204
Let r(l) = 3*l**2 - 1502*l - 4497. Determine r(-3).
36
Let g(f) = f**3 + 63*f**2 - 560*f - 38657. What is g(-62)?
-93
Let a(d) = -458*d**2 + 116328*d + 1016. Determine a(254).
0
Let z(w) = -78973*w - 20532991. Calculate z(-260).
-11
Let a(h) = -1752*h**3 - 8758*h**2 + 13*h + 8. Calculate a(-5).
-7
Let r(h) = h**2 - 477*h + 34740. Give r(89).
208
Let m(i) = -48*i**2 - 1698*i + 376. Calculate m(-34).
2620
Let f(o) = o**3 - 34*o**2 - o - 327. Determine f(35).
863
Let i(m) = -256883*m - 513748. Calculate i(-2).
18
Let n(j) = -37298*j + 186490. Determine n(5).
0
Let h(c) = -80*c + 2811. What is h(30)?
411
Let z(m) = 4*m**3 + 500*m**2 + 501*m + 640. Give z(-124).
20
Let q(v) = v**3 - 6*v**2 - 6*v + 7. What is q(9)?
196
Let c(d) = 39*d**3 + 711*d**2 + 141*d - 35. Give c(-18).
343
Let r(m) = 469*m**2 - 413*m - 2976. Determine r(3).
6
Let f(y) = 2*y**2 - 238510*y + 1430985. Determine f(6).
-3
Let r(m) = m**3 - 34*m**2 + 255*m + 10. Determine r(23).
56
Let q(v) = -9*v**2 + 57*v - 53. Determine q(6).
-35
Let b(f) = -f**2 + 6615*f + 1077070. Give b(-159).
4
Let u(s) = 10*s**2 + 1716*s + 17483. Determine u(-11).
-183
Let q(l) = 1860*l + 13051. Determine q(-7).
31
Let t(v) = -2*v**2 - 270*v - 1012. Determine t(-4).
36
Let v(d) = -7*d**3 - 80*d**2 + 175*d + 2285. Determine v(-11).
-3
Let j(t) = t**2 - 33*t - 1764. Calculate j(79).
1870
Let i(z) = -156*z - 5714. Give i(-37).
58
Let p(h) = -24*h**2 - 2134*h - 9907. Determine p(-84).
5
Let n(s) = 2*s**2 - 18*s - 176. What is n(-14)?
468
Let o(d) = -2462*d + 243668. Determine o(99).
-70
Let d(n) = n**3 - 77*n**2 - 508*n + 831. Give d(83).
1
Let v(t) = -457*t + 60352. Calculate v(132).
28
Let g(k) = -49*k**3 - 244*k**2 + 106*k + 501. Give g(-5).
-4
Let f(b) = 117*b - 1576. What is f(16)?
296
Let m(w) = 3*w**2 - 171*w - 6772. Give m(-29).
710
Let l(t) = -5939*t - 142536. Give l(-24).
0
Let f(a) = 11*a**2 - 925*a + 1798. Determine f(2).
-8
Let d(c) = c**3 + 16*c**2 + 4594*c + 9138. What is d(-2)?
6
Let v(w) = w**2 + 292*w + 9237. Determine v(-36).
21
Let t(c) = c**3 - 86*c**2 - 1683*c + 1169. Determine t(-17).
13
Let r(w) = w**3 + 14*w**2 - 120*w + 88. Determine r(-21).
-479
Let x(i) = 124*i**2 + 245*i + 240. Give x(-1).
119
Let p(w) = -2*w**3 + 98*w**2 - 69*w + 8544. Calculate p(50).
94
Let u(p) = 51677*p + 723470. What is u(-14)?
-8
Let y(c) = -c**2 - 10346*c + 300877. What is y(29)?
2
Let z(i) = i**3 + 126*i**2 - 102*i - 12907. What is z(-126)?
-55
Let r(x) = x**2 + 1555*x - 38461. Calculate r(24).
-565
Let h(m) = -23*m**2 + 959*m + 9580. Calculate h(-10).
-2310
Let g(q) = 8096*q - 1781117. Calculate g(220).
3
Let g(o) = 16994*o + 17479. Give g(-1).
485
Let h(t) = 5961*t - 208602. What is h(35)?
33
Let w(c) = -2*c**2 + 89*c + 42382. Calculate w(-125).
7
Let x(g) = 38*g**3 - 226*g**2 - 181*g + 896. What is x(6)?
-118
Let q(t) = 1116*t + 5764. What is q(-6)?
-932
Let t(w) = 2*w**2 - 50*w - 3775. Determine t(-33).
53
Let y(w) = -3*w**2 - 109*w + 5949. What is y(37)?
-2191
Let h(r) = 851*r + 19915. Calculate h(-23).
342
Let m(t) = 45*t**3 - 190*t**2 + 20*t - 63. What is m(4)?
-143
Let i(w) = 3*w**3 - 1385*w**2 + 947*w - 13102. Determine i(461).
-1577
Let p(o) = 29*o**2 - 186*o + 150. Determine p(5).
-55
Let x(t) = 513*t**3 + 37*t**2 - 119*t + 83. Determine x(1).
514
Let a(s) = -24*s**3 + 208*s**2 + 80*s - 68. Give a(9).
4
Let k(v) = -5*v**2 - 527*v + 72836. What is k(79)?
-2
Let u(c) = -480*c + 9498. Determine u(20).
-102
Let z(u) = u**3 + 308*u**2 + 709*u - 63415. Determine z(-305).
-585
Let z(w) = 20561*w - 143929. Determine z(7).
-2
Let p(t) = -186892*t + 6541237. What is p(35)?
17
Let v(j) = -17158*j + 68670. Determine v(4).
38
Let x(n) = n**2 - 59826*n + 418731. Calculate x(7).
-2
Let l(n) = 4*n**2 - 87*n - 12142. What is l(67)?
-15
Let x(i) = i**3 + 31*i**2 + 74*i - 295. Give x(-26).
1161
Let w(x) = 20*x + 2546. Calculate w(-133).
-114
Let z(m) = 49703*m - 298210. What is z(6)?
8
Let t(s) = -12151*s - 36425. Calculate t(-3).
28
Let u(w) = -982937*w - 10812314.